is the tens digit of 13193636?
3
What is the hundreds digit of 516737?
7
What is the thousands digit of 15519357?
9
What is the thousands digit of 3887508?
7
What is the ten thousands digit of 1560962?
6
What is the tens digit of 1646175?
7
What is the millions digit of 2678897?
2
What is the tens digit of 884300?
0
What is the hundreds digit of 658943?
9
What is the ten thousands digit of 205994?
0
What is the hundreds digit of 5808911?
9
What is the ten thousands digit of 388787?
8
What is the hundred thousands digit of 2136322?
1
What is the thousands digit of 222320?
2
What is the millions digit of 7885587?
7
What is the tens digit of 1839487?
8
What is the units digit of 263380?
0
What is the hundred thousands digit of 564186?
5
What is the ten thousands digit of 402102?
0
What is the ten millions digit of 31023008?
3
What is the tens digit of 12021838?
3
What is the tens digit of 1514871?
7
What is the units digit of 345152?
2
What is the ten thousands digit of 312630?
1
What is the units digit of 2866231?
1
What is the hundred thousands digit of 831687?
8
What is the ten thousands digit of 7725927?
2
What is the tens digit of 529655?
5
What is the hundred thousands digit of 363266?
3
What is the ten thousands digit of 474744?
7
What is the thousands digit of 2683729?
3
What is the units digit of 12283426?
6
What is the hundred thousands digit of 1768581?
7
What is the millions digit of 4007256?
4
What is the units digit of 14954156?
6
What is the millions digit of 14739881?
4
What is the millions digit of 22595130?
2
What is the ten millions digit of 33859804?
3
What is the units digit of 737556?
6
What is the tens digit of 153938?
3
What is the millions digit of 2966218?
2
What is the thousands digit of 50010?
0
What is the thousands digit of 279841?
9
What is the tens digit of 7634440?
4
What is the thousands digit of 170539?
0
What is the millions digit of 8123116?
8
What is the hundreds digit of 242609?
6
What is the hundreds digit of 2455072?
0
What is the units digit of 1169821?
1
What is the hundred thousands digit of 4184551?
1
What is the thousands digit of 313969?
3
What is the tens digit of 1075997?
9
What is the ten thousands digit of 4200706?
0
What is the units digit of 174648?
8
What is the hundred thousands digit of 1386316?
3
What is the hundreds digit of 2829441?
4
What is the units digit of 711763?
3
What is the units digit of 2635432?
2
What is the millions digit of 2662048?
2
What is the ten thousands digit of 351294?
5
What is the ten thousands digit of 468061?
6
What is the ten millions digit of 29088651?
2
What is the hundred thousands digit of 419618?
4
What is the tens digit of 2178337?
3
What is the thousands digit of 764244?
4
What is the hundreds digit of 7959504?
5
What is the hundred thousands digit of 534097?
5
What is the tens digit of 1297498?
9
What is the tens digit of 1395458?
5
What is the ten thousands digit of 653475?
5
What is the ten thousands digit of 225273?
2
What is the tens digit of 3295046?
4
What is the tens digit of 99938?
3
What is the millions digit of 16009883?
6
What is the millions digit of 16170804?
6
What is the ten thousands digit of 1275359?
7
What is the hundred thousands digit of 2480218?
4
What is the ten millions digit of 19095082?
1
What is the ten thousands digit of 99563?
9
What is the tens digit of 3537461?
6
What is the millions digit of 18654324?
8
What is the thousands digit of 700329?
0
What is the hundreds digit of 19377?
3
What is the ten thousands digit of 81497?
8
What is the thousands digit of 2403056?
3
What is the units digit of 321727?
7
What is the millions digit of 8081020?
8
What is the hundred thousands digit of 2110077?
1
What is the ten thousands digit of 19896833?
9
What is the ten thousands digit of 608703?
0
What is the hundred thousands digit of 1474804?
4
What is the tens digit of 36885?
8
What is the hundred thousands digit of 557260?
5
What is the units digit of 2739793?
3
What is the units digit of 447032?
2
What is the ten thousands digit of 6852936?
5
What is the tens digit of 1164633?
3
What is the ten millions digit of 22431734?
2
What is the ten thousands digit of 11501335?
0
What is the ten thousands digit of 2839081?
3
What is the millions digit of 6963129?
6
What is the ten thousands digit of 500942?
0
What is the hundreds digit of 2472336?
3
What is the tens digit of 5331417?
1
What is the units digit of 685774?
4
What is the units digit of 180537?
7
What is the units digit of 878783?
3
What is the millions digit of 2078182?
2
What is the ten millions digit of 14388100?
1
What is the thousands digit of 94158?
4
What is the thousands digit of 323807?
3
What is the millions digit of 17989541?
7
What is the hundreds digit of 4212260?
2
What is the units digit of 1027991?
1
What is the units digit of 24931209?
9
What is the ten thousands digit of 320515?
2
What is the ten thousands digit of 1462547?
6
What is the tens digit of 197869?
6
What is the ten thousands digit of 631575?
3
What is the tens digit of 1048733?
3
What is the hundreds digit of 1202633?
6
What is the millions digit of 27153780?
7
What is the thousands digit of 24268?
4
What is the ten thousands digit of 16416024?
1
What is the tens digit of 27739278?
7
What is the hundreds digit of 6088636?
6
What is the units digit of 395976?
6
What is the hundreds digit of 856730?
7
What is the units digit of 234717?
7
What is the units digit of 845570?
0
What is the tens digit of 1084092?
9
What is the tens digit of 770493?
9
What is the hundred thousands digit of 2688117?
6
What is the ten millions digit of 12431618?
1
What is the tens digit of 5703310?
1
What is the thousands digit of 3447065?
7
What is the hundred thousands digit of 156065?
1
What is the thousands digit of 739669?
9
What is the hundreds digit of 58876?
8
What is the thousands digit of 2017017?
7
What is the hundreds digit of 105969?
9
What is the thousands digit of 1231790?
1
What is the hundreds digit of 146335?
3
What is the tens digit of 331344?
4
What is the ten thousands digit of 13523286?
2
What is the hundreds digit of 358155?
1
What is the thousands digit of 19299728?
9
What is the units digit of 333379?
9
What is the ten thousands digit of 26582567?
8
What is the units digit of 503347?
7
What is the units digit of 835826?
6
What is the hundred thousands digit of 205795?
2
What is the thousands digit of 23740570?
0
What is the tens digit of 34823311?
1
What is the thousands digit of 1836034?
6
What is the hundred thousands digit of 1005853?
0
What is the ten thousands digit of 336660?
3
What is the units digit of 90546?
6
What is the ten thousands digit of 1211240?
1
What is the ten thousands digit of 41903?
4
What is the ten thousands digit of 16431?
1
What is the hundred thousands digit of 568361?
5
What is the units digit of 6513494?
4
What is the thousands digit of 94144?
4
What is the hundred thousands digit of 863849?
8
What is the thousands digit of 108008?
8
What is the tens digit of 165848?
4
What is the thousands digit of 2661549?
1
What is the units digit of 4117090?
0
What is the thousands digit of 8838628?
8
What is the hundreds digit of 36006554?
5
What is the units digit of 2730767?
7
What is the millions digit of 17254271?
7
What is the hundred thousands digit of 920246?
9
What is the hundreds digit of 903519?
5
What is the tens digit of 392896?
9
What is the hundreds digit of 96753?
7
What is the units digit of 396942?
2
What is the millions digit of 3748677?
3
What is the ten millions digit of 11414981?
1
What is the hundred thousands digit of 565477?
5
What is the units digit of 5339?
9
What is the ten thousands digit of 52109?
5
What is the units digit of 2048870?
0
What is the tens digit of 44765?
6
What is the millions digit of 1034213?
1
What is the ten thousands digit of 39835531?
3
What is the ten thousands digit of 280377?
8
What is the millions digit of 5156458?
5
What is the units digit of 5981870?
0
What is the hundred thousands digit of 105152?
1
What is the thousands digit of 406638?
6
What is the hundreds digit of 3807498?
4
What is the tens digit of 41185?
8
What is the thousands digit of 349669?
9
What is the ten thousands digit of 359519?
5
What is the tens digit of 13